{"id":623,"date":"2019-04-04T17:03:21","date_gmt":"2019-04-04T17:03:21","guid":{"rendered":"http:\/\/pintjo.org\/?page_id=623"},"modified":"2025-11-17T08:06:39","modified_gmt":"2025-11-17T08:06:39","slug":"kalender","status":"publish","type":"page","link":"http:\/\/pintjo.org\/index.php\/kalender\/","title":{"rendered":"Kalender"},"content":{"rendered":"\n<p>Hinweis: Alle angegebenen Termine sind ohne Gew\u00e4hr.<\/p>\n\n\n<blockquote>\n<div class=\"pintjo-two-column-container\"><span style=\"color: inherit; font-size: 1em; font-weight: 600;\">Aktuelles Konzert-Projekt im Herbst 2025:\u00a0<\/span><\/div>\n<\/blockquote>\n<div class=\"pintjo-two-column-container\">\n<div class=\"pintjo-two-column-container-title\">\n<blockquote>\n<p>Programm:<\/p>\n<\/blockquote>\n<p><b><i>Giacchino Rossini &#8211; Ouvert\u00fcre zu<\/i><\/b><strong> Il barbiere die Siviglia<\/strong><\/p>\n<p><b><i>Antonio Vivaldi &#8211; Konzert f\u00fcr zwei Trompeten und Orchester RV 537; <\/i><\/b>Solisten: Andreas Wagenschwanz und Lukas Kachelmeier<\/p>\n<p><b><i>Anton\u00edn Dvo\u0159\u00e1k &#8211; 8. Symphonie g-moll op. 88<\/i><\/b><\/p>\n<p>Dirigent: Graham Buckland<\/p>\n<p>\u00a0<\/p>\n<p>1. Probenwochenende 7.-9.11.2025 :\u00a0 <strong>Jugendherberge Furth im Wald, Daberger Str. 50, 93437 Furth im Wald, Deutschland<\/strong><\/p>\n<p>2. Probenwochenende21.-23.11.2025 : Musikschule in Prag 8: <strong>Z\u00e1kladn\u00ed um\u011bleck\u00e1 \u0161kola, Praha 8, Taussigova 1150<\/strong><\/p>\n<p>Konzert: Sonntag 23.11.2025, 17:00 Uhr <em>Betl\u00e9msk\u00e1 kaple<\/em>, <em>Betl\u00e9msk\u00e9 n\u00e1m\u011bst\u00ed 4, 110 00, Star\u00e9 M\u011bsto, Praha 1<\/em><\/p>\n<p>\u00a0<\/p>\n<p style=\"padding-left: 40px;\">\u00a0<\/p>\n<\/div>\n<\/div>\n<hr style=\"margin-bottom: 3rem;\" \/>\n<h5>Karten: Eintritt frei, Spenden erbeten<\/h5>","protected":false},"excerpt":{"rendered":"Hinweis: Alle angegebenen Termine sind ohne Gew\u00e4hr. Aktuelles Konzert-Projekt im Herbst 2025:\u00a0 Programm: Giacchino Rossini &#8211; Ouvert\u00fcre zu Il barbiere die Siviglia Antonio Vivaldi &#8211; Konzert f\u00fcr zwei Trompeten und Orchester RV 537; Solisten: Andreas Wagenschwanz und Lukas Kachelmeier Anton\u00edn Dvo\u0159\u00e1k &#8211; 8. Symphonie g-moll op. 88 Dirigent: Graham Buckland \u00a0 1. Probenwochenende 7.-9.11.2025 :\u00a0 &hellip; <p class=\"link-more\"><a href=\"http:\/\/pintjo.org\/index.php\/kalender\/\" class=\"more-link\">Continue reading<span class=\"screen-reader-text\"> &#8220;Kalender&#8221;<\/span><\/a><\/p>","protected":false},"author":2,"featured_media":0,"parent":0,"menu_order":0,"comment_status":"closed","ping_status":"closed","template":"","meta":[],"_links":{"self":[{"href":"http:\/\/pintjo.org\/index.php\/wp-json\/wp\/v2\/pages\/623"}],"collection":[{"href":"http:\/\/pintjo.org\/index.php\/wp-json\/wp\/v2\/pages"}],"about":[{"href":"http:\/\/pintjo.org\/index.php\/wp-json\/wp\/v2\/types\/page"}],"author":[{"embeddable":true,"href":"http:\/\/pintjo.org\/index.php\/wp-json\/wp\/v2\/users\/2"}],"replies":[{"embeddable":true,"href":"http:\/\/pintjo.org\/index.php\/wp-json\/wp\/v2\/comments?post=623"}],"version-history":[{"count":52,"href":"http:\/\/pintjo.org\/index.php\/wp-json\/wp\/v2\/pages\/623\/revisions"}],"predecessor-version":[{"id":1111,"href":"http:\/\/pintjo.org\/index.php\/wp-json\/wp\/v2\/pages\/623\/revisions\/1111"}],"wp:attachment":[{"href":"http:\/\/pintjo.org\/index.php\/wp-json\/wp\/v2\/media?parent=623"}],"curies":[{"name":"wp","href":"https:\/\/api.w.org\/{rel}","templated":true}]}}

<p>Hinweis: Alle angegebenen Termine sind ohne Gewähr.</p>


<blockquote>
<div class="pintjo-two-column-container"><span style="color: inherit; font-size: 1em; font-weight: 600;">Aktuelles Konzert-Projekt im Herbst 2025: </span></div>
</blockquote>
<div class="pintjo-two-column-container">
<div class="pintjo-two-column-container-title">
<blockquote>
<p>Programm:</p>
</blockquote>
<p><b><i>Giacchino Rossini &#8211; Ouvertüre zu</i></b><strong> Il barbiere die Siviglia</strong></p>
<p><b><i>Antonio Vivaldi &#8211; Konzert für zwei Trompeten und Orchester RV 537; </i></b>Solisten: Andreas Wagenschwanz und Lukas Kachelmeier</p>
<p><b><i>Antonín Dvořák &#8211; 8. Symphonie g-moll op. 88</i></b></p>
<p>Dirigent: Graham Buckland</p>
<p> </p>
<p>1. Probenwochenende 7.-9.11.2025 :  <strong>Jugendherberge Furth im Wald, Daberger Str. 50, 93437 Furth im Wald, Deutschland</strong></p>
<p>2. Probenwochenende21.-23.11.2025 : Musikschule in Prag 8: <strong>Základní umělecká škola, Praha 8, Taussigova 1150</strong></p>
<p>Konzert: Sonntag 23.11.2025, 17:00 Uhr <em>Betlémská kaple</em>, <em>Betlémské náměstí 4, 110 00, Staré Město, Praha 1</em></p>
<p> </p>
<p style="padding-left: 40px;"> </p>
</div>
</div>
<hr style="margin-bottom: 3rem;" />
<h5>Karten: Eintritt frei, Spenden erbeten</h5>

Hinweis: Alle angegebenen Termine sind ohne Gewähr. Aktuelles Konzert-Projekt im Herbst 2025:  Programm: Giacchino Rossini &#8211; Ouvertüre zu Il barbiere die Siviglia Antonio Vivaldi &#8211; Konzert für zwei Trompeten und Orchester RV 537; Solisten: Andreas Wagenschwanz und Lukas Kachelmeier Antonín Dvořák &#8211; 8. Symphonie g-moll op. 88 Dirigent: Graham Buckland   1. Probenwochenende 7.-9.11.2025 :  &hellip; <p class="link-more"><a href="http://pintjo.org/index.php/kalender/" class="more-link">Continue reading<span class="screen-reader-text"> &#8220;Kalender&#8221;</span></a></p>
