{"id":447,"date":"2018-10-22T15:41:33","date_gmt":"2018-10-22T15:41:33","guid":{"rendered":"http:\/\/localhost\/wordpress\/?page_id=447"},"modified":"2018-10-22T15:42:25","modified_gmt":"2018-10-22T15:42:25","slug":"447-2","status":"publish","type":"page","link":"http:\/\/pintjo.org\/index.php\/447-2\/","title":{"rendered":"Nutzungsbedingungen"},"content":{"rendered":"<h1><b>Copyright und Haftungsausschluss<\/b><\/h1>\r\n<h4><b>Haftungsbeschr\u00e4nkung f\u00fcr interne Inhalte<\/b><\/h4>\r\n<span style=\"font-weight: 400;\">Die Inhalte unserer Seiten wurden mit gr\u00f6\u00dfter Sorgfalt und nach bestem Wissen erstellt. Eine Haftung f\u00fcr die Aktualit\u00e4t, Vollst\u00e4ndigkeit und Richtigkeit der Seiten kann jedoch nicht \u00fcbernommen werden.<\/span>\r\n\r\n&nbsp;\r\n\r\n<span style=\"font-weight: 400;\">Gem\u00e4\u00df \u00a7 7 Abs. Als Dienstanbieter sind wir gem\u00e4\u00df \u00a7 7 Abs.1 TMG f\u00fcr eigene Inhalte auf diesen Seiten nach den allgemeinen Gesetzen verantwortlich. Nach \u00a7\u00a7 8 bis 10 TMG sind wir als Dienstanbieter jedoch nicht verpflichtet, \u00fcbermittelte oder gespeicherte fremde Informationen zu \u00fcberwachen. Bei Bekanntwerden von Rechtsverletzungen werden wir derartige Inhalte umgehend entfernen. Eine diesbez\u00fcgliche Haftung ist erst ab dem Zeitpunkt der Kenntnis einer konkreten Rechtsverletzung m\u00f6glich.<\/span>\r\n<h4><b>Haftungsbeschr\u00e4nkung f\u00fcr externe Links<\/b><\/h4>\r\n<span style=\"font-weight: 400;\">Unser Angebot enth\u00e4lt Links zu externen Webseiten Dritter (&#8220;externe Links&#8221;). Da der Inhalt dieser Websites nicht unserer Kontrolle unterliegt, k\u00f6nnen wir f\u00fcr diese fremden Inhalte keine Haftung \u00fcbernehmen. In jedem Fall haftet der Anbieter der Informationen der verlinkten Websites f\u00fcr den Inhalt und die Richtigkeit der bereitgestellten Informationen. Zum Zeitpunkt der Verlinkung waren f\u00fcr uns keine Rechtsverst\u00f6\u00dfe erkennbar. Bei Bekanntwerden von Rechtsverletzungen werden wir derartige Links umgehend entfernen.<\/span>\r\n<h4><b>Urheberrechte \u00a9<\/b><\/h4>\r\n<span style=\"font-weight: 400;\">Die auf dieser Website ver\u00f6ffentlichten Inhalte und Werke unterliegen dem deutschen Urheberrecht. Die Vervielf\u00e4ltigung, Bearbeitung, Verbreitung und jede Art der Verwertung au\u00dferhalb der Grenzen des Urheberrechtes bed\u00fcrfen der schriftlichen Zustimmung des jeweiligen Autors bzw. Erstellers.<\/span>\r\n\r\n<span style=\"font-weight: 400;\">Wir sind bestrebt, die geistigen Eigentumsrechte anderer zu respektieren. Jeder Versto\u00df ist unbeabsichtigt und wird nach Benachrichtigung umgehend korrigiert.<\/span>\r\n<p style=\"text-align: left;\"><\/p>\r\n&nbsp;","protected":false},"excerpt":{"rendered":"Copyright und Haftungsausschluss Haftungsbeschr\u00e4nkung f\u00fcr interne Inhalte Die Inhalte unserer Seiten wurden mit gr\u00f6\u00dfter Sorgfalt und nach bestem Wissen erstellt. Eine Haftung f\u00fcr die Aktualit\u00e4t, Vollst\u00e4ndigkeit und Richtigkeit der Seiten kann jedoch nicht \u00fcbernommen werden. &nbsp; Gem\u00e4\u00df \u00a7 7 Abs. Als Dienstanbieter sind wir gem\u00e4\u00df \u00a7 7 Abs.1 TMG f\u00fcr eigene Inhalte auf diesen Seiten &hellip; <p class=\"link-more\"><a href=\"http:\/\/pintjo.org\/index.php\/447-2\/\" class=\"more-link\">Continue reading<span class=\"screen-reader-text\"> &#8220;Nutzungsbedingungen&#8221;<\/span><\/a><\/p>","protected":false},"author":2,"featured_media":0,"parent":0,"menu_order":0,"comment_status":"closed","ping_status":"closed","template":"","meta":[],"_links":{"self":[{"href":"http:\/\/pintjo.org\/index.php\/wp-json\/wp\/v2\/pages\/447"}],"collection":[{"href":"http:\/\/pintjo.org\/index.php\/wp-json\/wp\/v2\/pages"}],"about":[{"href":"http:\/\/pintjo.org\/index.php\/wp-json\/wp\/v2\/types\/page"}],"author":[{"embeddable":true,"href":"http:\/\/pintjo.org\/index.php\/wp-json\/wp\/v2\/users\/2"}],"replies":[{"embeddable":true,"href":"http:\/\/pintjo.org\/index.php\/wp-json\/wp\/v2\/comments?post=447"}],"version-history":[{"count":2,"href":"http:\/\/pintjo.org\/index.php\/wp-json\/wp\/v2\/pages\/447\/revisions"}],"predecessor-version":[{"id":449,"href":"http:\/\/pintjo.org\/index.php\/wp-json\/wp\/v2\/pages\/447\/revisions\/449"}],"wp:attachment":[{"href":"http:\/\/pintjo.org\/index.php\/wp-json\/wp\/v2\/media?parent=447"}],"curies":[{"name":"wp","href":"https:\/\/api.w.org\/{rel}","templated":true}]}}