{"id":326,"date":"2018-10-11T16:04:54","date_gmt":"2018-10-11T16:04:54","guid":{"rendered":"http:\/\/localhost\/wordpress\/?page_id=326"},"modified":"2023-08-08T16:38:29","modified_gmt":"2023-08-08T16:38:29","slug":"koncerty-a-vstupenky","status":"publish","type":"page","link":"http:\/\/pintjo.org\/index.php\/cs\/koncerty-a-vstupenky\/","title":{"rendered":"Dosavadn\u00ed koncerty"},"content":{"rendered":"<h1 style=\"text-align: center;\"><span style=\"font-weight: 400;\">I<\/span><\/h1>\n<p style=\"text-align: center;\"><span style=\"font-weight: 400;\">Prvn\u00ed vystoupen\u00ed p\u0159ed pozvan\u00fdm publikem byl v b\u0159eznu 2019 v r\u00e1mci sout\u011b\u017ee \u201eJugend Musiziert\u201c.<\/span><\/p>\n\n<h1 style=\"text-align: center;\"><span style=\"font-weight: 400;\">II<\/span><\/h1>\n\n<hr \/>\n<p style=\"text-align: center;\">Prvn\u00ed ve\u0159ejn\u00e9 byl na ned\u011bli 20. \u0159\u00edjna 2019 v kostele sv. Jana Nepomuck\u00e9ho na sk\u00e1lce.<\/p>\n<p style=\"text-align: center;\">Program:<\/p>\n<p style=\"padding-left: 80px; text-align: left;\"><em><strong><b><i>A. Dvo\u0159\u00e1k \u2013 Klid op. 68 (Solo: Marek S\u016fva)<\/i><\/b><\/strong><\/em><\/p>\n<p style=\"padding-left: 80px; text-align: left;\"><em><strong><b><i>J.B. Vanhal \u2013 Symfonie D-Dur<\/i><\/b><\/strong><\/em><\/p>\n<p style=\"padding-left: 80px; text-align: left;\"><em><strong><b><i>W.A. Mozart KV 622 (Solo: Hans Kistler)<\/i><\/b><\/strong><\/em><\/p>\n<p style=\"padding-left: 80px; text-align: left;\"><\/p>\n\n<h1 style=\"text-align: center;\"><span style=\"font-weight: 400;\">III<\/span><\/h1>\n\n<hr \/>\n\nDruh\u00fd koncert orchestru se uskute\u010dnil v s\u00e1le Pra\u017esk\u00e9ho Hlaholu 31. \u0159\u00edjna 2021:\n<p style=\"text-align: left;\">Program:<\/p>\n<p style=\"padding-left: 40px;\"><em><strong>W. A. \u200b\u200b\u200b\u200bMozart &#8211; Symfonie 32 G dur KV 318<\/strong><\/em><\/p>\n<p style=\"padding-left: 40px;\"><em><strong>Ludwig van Beethoven &#8211; Symfonie \u010d. 1 C dur, op. 21<\/strong><\/em><\/p>\n<p style=\"padding-left: 40px;\"><em><strong>Joseph Haydn &#8211; Symfonie f moll Hob. I: 45 &#8220;Sbohem&#8221;<\/strong><\/em><\/p>\n<p style=\"padding-left: 40px;\"><\/p>\n\n<h1 style=\"text-align: center;\"><span style=\"font-weight: 400;\">IV<\/span><\/h1>\n<strong>150. v\u00fdro\u010d\u00ed narozen\u00ed Sergeje Rachmaninova<\/strong>, 1. dubna 2023. Pod veden\u00edm Grahama Bucklanda vystoup\u00ed PINTJO spole\u010dn\u011b s anglick\u00fdm klav\u00edristou Ashleym Frippem v Praze: <strong>19.30, Masarykovo n\u00e1b\u0159e\u017e\u00ed 248, Zp\u011bv\u00e1ck\u00fd Hlahol<\/strong>.\n\nRepr\u00edza koncertu 2. dubna 2023 v Regensburgu \/ N\u011bmecko v Audimaxu v 17 hodin: <em>Media<\/em>\n<p style=\"text-align: left;\">Program:<\/p>\n<p style=\"padding-left: 40px;\"><strong><em>Sergej Rachmaninov &#8211; Klav\u00edrn\u00ed koncert \u010d. 1 f moll, op. 1<\/em><\/strong><\/p>\n<p style=\"padding-left: 40px;\"><strong><em>Sergej Rachmaninov &#8211; Klav\u00edrn\u00ed koncert \u010d. 2 c moll, op. 18<\/em><\/strong><\/p>\n<p style=\"text-align: left;\"><\/p>","protected":false},"excerpt":{"rendered":"I Prvn\u00ed vystoupen\u00ed p\u0159ed pozvan\u00fdm publikem byl v b\u0159eznu 2019 v r\u00e1mci sout\u011b\u017ee \u201eJugend Musiziert\u201c. II Prvn\u00ed ve\u0159ejn\u00e9 byl na ned\u011bli 20. \u0159\u00edjna 2019 v kostele sv. Jana Nepomuck\u00e9ho na sk\u00e1lce. Program: A. Dvo\u0159\u00e1k \u2013 Klid op. 68 (Solo: Marek S\u016fva) J.B. Vanhal \u2013 Symfonie D-Dur W.A. Mozart KV 622 (Solo: Hans Kistler) III Druh\u00fd &hellip; <p class=\"link-more\"><a href=\"http:\/\/pintjo.org\/index.php\/cs\/koncerty-a-vstupenky\/\" class=\"more-link\">Continue reading<span class=\"screen-reader-text\"> &#8220;Dosavadn\u00ed koncerty&#8221;<\/span><\/a><\/p>","protected":false},"author":2,"featured_media":0,"parent":0,"menu_order":0,"comment_status":"closed","ping_status":"closed","template":"","meta":[],"_links":{"self":[{"href":"http:\/\/pintjo.org\/index.php\/wp-json\/wp\/v2\/pages\/326"}],"collection":[{"href":"http:\/\/pintjo.org\/index.php\/wp-json\/wp\/v2\/pages"}],"about":[{"href":"http:\/\/pintjo.org\/index.php\/wp-json\/wp\/v2\/types\/page"}],"author":[{"embeddable":true,"href":"http:\/\/pintjo.org\/index.php\/wp-json\/wp\/v2\/users\/2"}],"replies":[{"embeddable":true,"href":"http:\/\/pintjo.org\/index.php\/wp-json\/wp\/v2\/comments?post=326"}],"version-history":[{"count":23,"href":"http:\/\/pintjo.org\/index.php\/wp-json\/wp\/v2\/pages\/326\/revisions"}],"predecessor-version":[{"id":1068,"href":"http:\/\/pintjo.org\/index.php\/wp-json\/wp\/v2\/pages\/326\/revisions\/1068"}],"wp:attachment":[{"href":"http:\/\/pintjo.org\/index.php\/wp-json\/wp\/v2\/media?parent=326"}],"curies":[{"name":"wp","href":"https:\/\/api.w.org\/{rel}","templated":true}]}}

Dosavadní koncerty

<h1 style="text-align: center;"><span style="font-weight: 400;">I</span></h1>
<p style="text-align: center;"><span style="font-weight: 400;">První vystoupení před pozvaným publikem byl v březnu 2019 v rámci soutěže „Jugend Musiziert“.</span></p>

<h1 style="text-align: center;"><span style="font-weight: 400;">II</span></h1>

<hr />
<p style="text-align: center;">První veřejné byl na neděli 20. října 2019 v kostele sv. Jana Nepomuckého na skálce.</p>
<p style="text-align: center;">Program:</p>
<p style="padding-left: 80px; text-align: left;"><em><strong><b><i>A. Dvořák – Klid op. 68 (Solo: Marek Sůva)</i></b></strong></em></p>
<p style="padding-left: 80px; text-align: left;"><em><strong><b><i>J.B. Vanhal – Symfonie D-Dur</i></b></strong></em></p>
<p style="padding-left: 80px; text-align: left;"><em><strong><b><i>W.A. Mozart KV 622 (Solo: Hans Kistler)</i></b></strong></em></p>
<p style="padding-left: 80px; text-align: left;"></p>

<h1 style="text-align: center;"><span style="font-weight: 400;">III</span></h1>

<hr />

Druhý koncert orchestru se uskutečnil v sále Pražského Hlaholu 31. října 2021:
<p style="text-align: left;">Program:</p>
<p style="padding-left: 40px;"><em><strong>W. A. ​​​​Mozart &#8211; Symfonie 32 G dur KV 318</strong></em></p>
<p style="padding-left: 40px;"><em><strong>Ludwig van Beethoven &#8211; Symfonie č. 1 C dur, op. 21</strong></em></p>
<p style="padding-left: 40px;"><em><strong>Joseph Haydn &#8211; Symfonie f moll Hob. I: 45 &#8220;Sbohem&#8221;</strong></em></p>
<p style="padding-left: 40px;"></p>

<h1 style="text-align: center;"><span style="font-weight: 400;">IV</span></h1>
<strong>150. výročí narození Sergeje Rachmaninova</strong>, 1. dubna 2023. Pod vedením Grahama Bucklanda vystoupí PINTJO společně s anglickým klavíristou Ashleym Frippem v Praze: <strong>19.30, Masarykovo nábřeží 248, Zpěvácký Hlahol</strong>.

Repríza koncertu 2. dubna 2023 v Regensburgu / Německo v Audimaxu v 17 hodin: <em>Media</em>
<p style="text-align: left;">Program:</p>
<p style="padding-left: 40px;"><strong><em>Sergej Rachmaninov &#8211; Klavírní koncert č. 1 f moll, op. 1</em></strong></p>
<p style="padding-left: 40px;"><strong><em>Sergej Rachmaninov &#8211; Klavírní koncert č. 2 c moll, op. 18</em></strong></p>
<p style="text-align: left;"></p>

I První vystoupení před pozvaným publikem byl v březnu 2019 v rámci soutěže „Jugend Musiziert“. II První veřejné byl na neděli 20. října 2019 v kostele sv. Jana Nepomuckého na skálce. Program: A. Dvořák – Klid op. 68 (Solo: Marek Sůva) J.B. Vanhal – Symfonie D-Dur W.A. Mozart KV 622 (Solo: Hans Kistler) III Druhý &hellip; <p class="link-more"><a href="http://pintjo.org/index.php/cs/koncerty-a-vstupenky/" class="more-link">Continue reading<span class="screen-reader-text"> &#8220;Dosavadní koncerty&#8221;</span></a></p>
