{"id":294,"date":"2018-10-11T14:45:51","date_gmt":"2018-10-11T14:45:51","guid":{"rendered":"http:\/\/localhost\/wordpress\/?page_id=294"},"modified":"2023-08-08T16:35:55","modified_gmt":"2023-08-08T16:35:55","slug":"294-2","status":"publish","type":"page","link":"http:\/\/pintjo.org\/index.php\/en\/294-2\/","title":{"rendered":"Previous concerts"},"content":{"rendered":"<h1 style=\"text-align: center;\"><span style=\"font-weight: 400;\">I<\/span><\/h1>\n\n<hr \/>\n<p style=\"text-align: center;\"><span style=\"font-weight: 400;\">The first public appearance was in March 2019, in the course of the \u201cJugend Musiziert\u201d competition before an invited audience.<\/span><\/p>\n\n<h1 style=\"text-align: center;\"><span style=\"font-weight: 400;\">II<\/span><\/h1>\n\n<hr \/>\n<p style=\"text-align: center;\"><span style=\"font-weight: 400;\">The first public concert took place on Sunday, 20 Oct. <\/span><span style=\"font-weight: 400;\">2019 in the church &#8220;Kostel svat\u00e9ho Jana Nepomuck\u00e9ho na Skalce&#8221;.\u00a0<\/span><\/p>\n<p style=\"text-align: center;\"><span style=\"font-weight: 400;\">Program:<\/span><\/p>\n<p style=\"text-align: left;\"><b><i>A. Dvorak &#8211; Waldesruh op. 68 <\/i><\/b><strong><em>(Soloist: Marek S\u016fva<\/em><\/strong><em>)<\/em><\/p>\n<p style=\"text-align: left;\"><b><i>J.B. Vanhal &#8211; Symphonie D-Dur<\/i><\/b><\/p>\n<p style=\"text-align: left;\"><b><i>W.A. Mozart KV 622 (Soloist: Hans Kistler)<\/i><\/b><\/p>\n<p style=\"text-align: center;\"><\/p>\n\n<h1 style=\"text-align: center;\"><span style=\"font-weight: 400;\">III<\/span><\/h1>\n\n<hr \/>\n\nThe second concert of the orchestra took place in the Hall of Pra\u017esk\u00fd Hlahol on October 31, 2021:\n<p style=\"text-align: left;\">Program:<\/p>\n<p style=\"padding-left: 40px;\"><em><strong>W. A. \u200b\u200bMozart &#8211; Symphony 32 in G major KV 318<\/strong><\/em><\/p>\n<p style=\"padding-left: 40px;\"><em><strong>Ludwig van Beethoven &#8211; Symphony No. 1 in C major, Op. 21<\/strong><\/em><\/p>\n<p style=\"padding-left: 40px;\"><em><strong>Joseph Haydn &#8211; Symphony in F sharp minor Hob. I: 45 &#8220;Farewell&#8221;<\/strong><\/em><\/p>\n\n<h1 style=\"text-align: center;\"><span style=\"font-weight: 400;\">IV<\/span><\/h1>\n<strong>150th anniversary of Sergei Rachmaninov&#8217;s birth,<\/strong> 1 April 2023 under the direction of Graham Buckland, PINTJO together with English pianist Ashley Fripp in Prague: <strong>7.30 pm, Masarykovo n\u00e1b\u0159e\u017e\u00ed 248, Zp\u011bv\u00e1ck\u00fd Hlahol<\/strong>.\n\nA repeat concert on <strong>2 April 2023 in Regensburg \/ Germany at Audimax at 5 pm<\/strong>. see: <em>Media<\/em>\n\nProgram:\n<p style=\"text-align: left; padding-left: 40px;\"><em><strong>Sergei Rachmaninoff &#8211; Piano Concerto No. 1 in F sharp minor, Op. 1<\/strong><\/em><\/p>\n<p style=\"text-align: left; padding-left: 40px;\"><em><strong>Sergei Rachmaninoff &#8211; Piano Concerto No. 2 in C minor, Op. 18<\/strong><\/em><\/p>\n<p style=\"text-align: left;\"><\/p>","protected":false},"excerpt":{"rendered":"I The first public appearance was in March 2019, in the course of the \u201cJugend Musiziert\u201d competition before an invited audience. II The first public concert took place on Sunday, 20 Oct. 2019 in the church &#8220;Kostel svat\u00e9ho Jana Nepomuck\u00e9ho na Skalce&#8221;.\u00a0 Program: A. Dvorak &#8211; Waldesruh op. 68 (Soloist: Marek S\u016fva) J.B. Vanhal &#8211; &hellip; <p class=\"link-more\"><a href=\"http:\/\/pintjo.org\/index.php\/en\/294-2\/\" class=\"more-link\">Continue reading<span class=\"screen-reader-text\"> &#8220;Previous concerts&#8221;<\/span><\/a><\/p>","protected":false},"author":2,"featured_media":0,"parent":0,"menu_order":0,"comment_status":"closed","ping_status":"closed","template":"","meta":[],"_links":{"self":[{"href":"http:\/\/pintjo.org\/index.php\/wp-json\/wp\/v2\/pages\/294"}],"collection":[{"href":"http:\/\/pintjo.org\/index.php\/wp-json\/wp\/v2\/pages"}],"about":[{"href":"http:\/\/pintjo.org\/index.php\/wp-json\/wp\/v2\/types\/page"}],"author":[{"embeddable":true,"href":"http:\/\/pintjo.org\/index.php\/wp-json\/wp\/v2\/users\/2"}],"replies":[{"embeddable":true,"href":"http:\/\/pintjo.org\/index.php\/wp-json\/wp\/v2\/comments?post=294"}],"version-history":[{"count":29,"href":"http:\/\/pintjo.org\/index.php\/wp-json\/wp\/v2\/pages\/294\/revisions"}],"predecessor-version":[{"id":1066,"href":"http:\/\/pintjo.org\/index.php\/wp-json\/wp\/v2\/pages\/294\/revisions\/1066"}],"wp:attachment":[{"href":"http:\/\/pintjo.org\/index.php\/wp-json\/wp\/v2\/media?parent=294"}],"curies":[{"name":"wp","href":"https:\/\/api.w.org\/{rel}","templated":true}]}}

<h1 style="text-align: center;"><span style="font-weight: 400;">I</span></h1>

<hr />
<p style="text-align: center;"><span style="font-weight: 400;">The first public appearance was in March 2019, in the course of the “Jugend Musiziert” competition before an invited audience.</span></p>

<h1 style="text-align: center;"><span style="font-weight: 400;">II</span></h1>

<hr />
<p style="text-align: center;"><span style="font-weight: 400;">The first public concert took place on Sunday, 20 Oct. </span><span style="font-weight: 400;">2019 in the church &#8220;Kostel svatého Jana Nepomuckého na Skalce&#8221;. </span></p>
<p style="text-align: center;"><span style="font-weight: 400;">Program:</span></p>
<p style="text-align: left;"><b><i>A. Dvorak &#8211; Waldesruh op. 68 </i></b><strong><em>(Soloist: Marek Sůva</em></strong><em>)</em></p>
<p style="text-align: left;"><b><i>J.B. Vanhal &#8211; Symphonie D-Dur</i></b></p>
<p style="text-align: left;"><b><i>W.A. Mozart KV 622 (Soloist: Hans Kistler)</i></b></p>
<p style="text-align: center;"></p>

<h1 style="text-align: center;"><span style="font-weight: 400;">III</span></h1>

<hr />

The second concert of the orchestra took place in the Hall of Pražský Hlahol on October 31, 2021:
<p style="text-align: left;">Program:</p>
<p style="padding-left: 40px;"><em><strong>W. A. ​​Mozart &#8211; Symphony 32 in G major KV 318</strong></em></p>
<p style="padding-left: 40px;"><em><strong>Ludwig van Beethoven &#8211; Symphony No. 1 in C major, Op. 21</strong></em></p>
<p style="padding-left: 40px;"><em><strong>Joseph Haydn &#8211; Symphony in F sharp minor Hob. I: 45 &#8220;Farewell&#8221;</strong></em></p>

<h1 style="text-align: center;"><span style="font-weight: 400;">IV</span></h1>
<strong>150th anniversary of Sergei Rachmaninov&#8217;s birth,</strong> 1 April 2023 under the direction of Graham Buckland, PINTJO together with English pianist Ashley Fripp in Prague: <strong>7.30 pm, Masarykovo nábřeží 248, Zpěvácký Hlahol</strong>.

A repeat concert on <strong>2 April 2023 in Regensburg / Germany at Audimax at 5 pm</strong>. see: <em>Media</em>

Program:
<p style="text-align: left; padding-left: 40px;"><em><strong>Sergei Rachmaninoff &#8211; Piano Concerto No. 1 in F sharp minor, Op. 1</strong></em></p>
<p style="text-align: left; padding-left: 40px;"><em><strong>Sergei Rachmaninoff &#8211; Piano Concerto No. 2 in C minor, Op. 18</strong></em></p>
<p style="text-align: left;"></p>

I The first public appearance was in March 2019, in the course of the “Jugend Musiziert” competition before an invited audience. II The first public concert took place on Sunday, 20 Oct. 2019 in the church &#8220;Kostel svatého Jana Nepomuckého na Skalce&#8221;.  Program: A. Dvorak &#8211; Waldesruh op. 68 (Soloist: Marek Sůva) J.B. Vanhal &#8211; &hellip; <p class="link-more"><a href="http://pintjo.org/index.php/en/294-2/" class="more-link">Continue reading<span class="screen-reader-text"> &#8220;Previous concerts&#8221;</span></a></p>
